{"id":9,"date":"2025-05-16T12:10:01","date_gmt":"2025-05-16T12:10:01","guid":{"rendered":"https:\/\/karting360.com\/?page_id=9"},"modified":"2025-06-08T09:58:18","modified_gmt":"2025-06-08T09:58:18","slug":"inicio","status":"publish","type":"page","link":"https:\/\/karting360.com\/index.php\/inicio\/","title":{"rendered":""},"content":{"rendered":"\n<div class=\"wp-block-essential-blocks-wrapper alignfull  root-eb-wrapper-yrwrm\"><div class=\"eb-parent-wrapper eb-parent-eb-wrapper-yrwrm \"><div class=\"eb-wrapper-outer eb-wrapper-yrwrm\"><div class=\"eb-wrapper-inner\"><div class=\"eb-wrapper-inner-blocks eb-wrapper-align-center\">\n<div class=\"wp-block-essential-blocks-row alignfull  root-eb-row-37gwk\"><div class=\"eb-parent-wrapper eb-parent-eb-row-37gwk \"><div class=\"eb-row-root-container eb-row-37gwk\" data-id=\"eb-row-37gwk\"><div class=\"eb-row-wrapper\"><div class=\"eb-row-inner\">\n<div class=\"wp-block-essential-blocks-column  root-eb-column-gpwd4\"><div class=\"eb-parent-wrapper eb-parent-eb-column-gpwd4 \"><div class=\"eb-column-wrapper eb-column-gpwd4\"><div class=\"eb-column-inner\">\n<div class=\"wp-block-essential-blocks-wrapper  root-eb-wrapper-0kj43\"><div class=\"eb-parent-wrapper eb-parent-eb-wrapper-0kj43 \"><div class=\"eb-wrapper-outer eb-wrapper-0kj43\"><div class=\"eb-wrapper-inner\"><div class=\"eb-wrapper-inner-blocks eb-wrapper-align-right\">\n<div class=\"wp-block-query is-layout-flow wp-block-query-is-layout-flow\"><\/div>\n<\/div><\/div><\/div><\/div><\/div>\n<\/div><\/div><\/div><\/div>\n\n\n\n<div class=\"wp-block-essential-blocks-column  root-eb-column-ix1pp\"><div class=\"eb-parent-wrapper eb-parent-eb-column-ix1pp \"><div class=\"eb-column-wrapper eb-column-ix1pp\"><div class=\"eb-column-inner\"><\/div><\/div><\/div><\/div>\n<\/div><\/div><\/div><\/div><\/div>\n<\/div><\/div><\/div><\/div><\/div>\n\n\n\n<div class=\"wp-block-essential-blocks-wrapper alignfull  root-eb-wrapper-3vramv5\"><div class=\"eb-parent-wrapper eb-parent-eb-wrapper-3vramv5 \"><div class=\"eb-wrapper-outer eb-wrapper-3vramv5\"><div class=\"eb-wrapper-inner\"><div class=\"eb-wrapper-inner-blocks eb-wrapper-align-center\">\n<div class=\"wp-block-essential-blocks-row alignfull  root-eb-row-7198rnw\"><div class=\"eb-parent-wrapper eb-parent-eb-row-7198rnw \"><div class=\"eb-row-root-container eb-row-7198rnw\" data-id=\"eb-row-7198rnw\"><div class=\"eb-row-wrapper\"><div class=\"eb-row-inner\">\n<div class=\"wp-block-essential-blocks-column  root-eb-column-n8fzxyp\"><div class=\"eb-parent-wrapper eb-parent-eb-column-n8fzxyp \"><div class=\"eb-column-wrapper eb-column-n8fzxyp\"><div class=\"eb-column-inner\">\n<div class=\"wp-block-essential-blocks-advanced-heading  root-eb-advance-heading-f3xw2n2\" id=\"top-noticias\"><div class=\"eb-parent-wrapper eb-parent-eb-advance-heading-f3xw2n2 eb_animation eb___animated eb___fadeInLeft\"><div class=\"eb-advance-heading-wrapper eb-advance-heading-f3xw2n2 button-1 undefined\" data-id=\"eb-advance-heading-f3xw2n2\"><h2 class=\"eb-ah-title\"><span class=\"first-title\"><mark style=\"background-color:rgba(0, 0, 0, 0);color:#db1b45\" class=\"has-inline-color\">Top<\/mark> noticias<\/span><\/h2><\/div><\/div><\/div>\n<\/div><\/div><\/div><\/div>\n\n\n\n<div class=\"wp-block-essential-blocks-column  root-eb-column-gz1eyl1\"><div class=\"eb-parent-wrapper eb-parent-eb-column-gz1eyl1 \"><div class=\"eb-column-wrapper eb-column-gz1eyl1\"><div class=\"eb-column-inner\">\n<div class=\"wp-block-essential-blocks-wrapper  root-eb-wrapper-wye8iuq\"><div class=\"eb-parent-wrapper eb-parent-eb-wrapper-wye8iuq \"><div class=\"eb-wrapper-outer eb-wrapper-wye8iuq\"><div class=\"eb-wrapper-inner\"><div class=\"eb-wrapper-inner-blocks \">\n<div class=\"wp-block-essential-blocks-advanced-heading  root-eb-advance-heading-cdu169c\"><div class=\"eb-parent-wrapper eb-parent-eb-advance-heading-cdu169c eb_animation eb___animated eb___fadeInRight\"><div class=\"eb-advance-heading-wrapper eb-advance-heading-cdu169c button-1 undefined\" data-id=\"eb-advance-heading-cdu169c\"><h2 class=\"eb-ah-title\"><span class=\"first-title\">Adelantamientos fuera de pista: lo \u00faltimo en karting.<\/span><\/h2><\/div><\/div><\/div>\n<\/div><\/div><\/div><\/div><\/div>\n<\/div><\/div><\/div><\/div>\n<\/div><\/div><\/div><\/div><\/div>\n\n\n\n\n\n<a href=\"#\"><img decoding=\"async\" src=\"https:\/\/via.placeholder.com\/728x90?text=Anuncio+entre+noticias\" alt=\"Anuncio\"><\/a>\n\n\n<\/div><\/div><\/div><\/div><\/div>\n\n\n\n<div class=\"wp-block-essential-blocks-wrapper alignfull  root-eb-wrapper-08a4nxi\"><div class=\"eb-parent-wrapper eb-parent-eb-wrapper-08a4nxi \"><div class=\"eb-wrapper-outer eb-wrapper-08a4nxi\"><div class=\"eb-wrapper-inner\"><div class=\"eb-wrapper-inner-blocks eb-wrapper-align-center\">\n<div class=\"wp-block-essential-blocks-row alignfull  root-eb-row-gdib7sr\"><div class=\"eb-parent-wrapper eb-parent-eb-row-gdib7sr \"><div class=\"eb-row-root-container eb-row-gdib7sr\" data-id=\"eb-row-gdib7sr\"><div class=\"eb-row-wrapper\"><div class=\"eb-row-inner\">\n<div class=\"wp-block-essential-blocks-column  root-eb-column-qqnv7g1\"><div class=\"eb-parent-wrapper eb-parent-eb-column-qqnv7g1 \"><div class=\"eb-column-wrapper eb-column-qqnv7g1\"><div class=\"eb-column-inner\">\n<div class=\"wp-block-essential-blocks-wrapper  root-eb-wrapper-hm1t4gz\"><div class=\"eb-parent-wrapper eb-parent-eb-wrapper-hm1t4gz \"><div class=\"eb-wrapper-outer eb-wrapper-hm1t4gz eb-wrapper-align-right\"><div class=\"eb-wrapper-inner\"><div class=\"eb-wrapper-inner-blocks\">\n<div class=\"wp-block-essential-blocks-advanced-heading  root-eb-advance-heading-wnusbx8\"><div class=\"eb-parent-wrapper eb-parent-eb-advance-heading-wnusbx8 eb_animation eb___animated eb___fadeInLeft\"><div class=\"eb-advance-heading-wrapper eb-advance-heading-wnusbx8 button-1 undefined\" data-id=\"eb-advance-heading-wnusbx8\"><h2 class=\"eb-ah-title\"><span class=\"first-title\"><mark style=\"background-color:rgba(0, 0, 0, 0);color:#db1b45\" class=\"has-inline-color\">Consejos<\/mark> para amantes del Karting <\/span><\/h2><div class=\"eb-ah-separator line\"><\/div><\/div><\/div><\/div>\n\n\n\n<div class=\"wp-block-essential-blocks-advanced-heading  root-eb-advance-heading-hvp5qu6\"><div class=\"eb-parent-wrapper eb-parent-eb-advance-heading-hvp5qu6 eb_animation eb___animated eb___fadeInLeft\"><div class=\"eb-advance-heading-wrapper eb-advance-heading-hvp5qu6 button-1 undefined\" data-id=\"eb-advance-heading-hvp5qu6\"><h2 class=\"eb-ah-title\"><span class=\"first-title\">Si amas el karting, sabes que cada detalle cuenta a la hora de mejorar. Desde la posici\u00f3n de manejo hasta la forma de trazar una curva, todo influye en tu rendimiento. <br><br>En esta secci\u00f3n encontrar\u00e1s consejos \u00fatiles para ganar velocidad, controlar mejor tu kart y tomar decisiones m\u00e1s inteligentes en pista. Tanto si est\u00e1s empezando como si ya compites, siempre hay algo nuevo que aprender. Porque en el karting, la experiencia se construye vuelta a vuelta. Explora nuestros tips y prep\u00e1rate para llevar tu pilotaje al siguiente nivel.<\/span><\/h2><\/div><\/div><\/div>\n\n\n\n<div class=\"wp-block-essential-blocks-button  root-eb-button-14knosc\"><div class=\"eb-parent-wrapper eb-parent-eb-button-14knosc eb_animation eb___animated eb___fadeInUp\"><div class=\"eb-button-wrapper eb-button-alignment eb-button-14knosc\"><div class=\"eb-button\"><div class=\"eb-button-inner-wrapper \"><a class=\"eb-button-anchor \" href=\"https:\/\/karting360.com\/consejos\/\" rel=\"noopener\">ver tips<\/a><\/div><\/div><\/div><\/div><\/div>\n\n\n\n<div class=\"wp-block-essential-blocks-advanced-heading  root-eb-advance-heading-p7cca01\"><div class=\"eb-parent-wrapper eb-parent-eb-advance-heading-p7cca01 \"><div class=\"eb-advance-heading-wrapper eb-advance-heading-p7cca01 button-1 undefined\" data-id=\"eb-advance-heading-p7cca01\"><h2 class=\"eb-ah-title\"><span class=\"first-title\">2k25<\/span><\/h2><\/div><\/div><\/div>\n<\/div><\/div><\/div><\/div><\/div>\n<\/div><\/div><\/div><\/div>\n\n\n\n<div class=\"wp-block-essential-blocks-column  root-eb-column-au78vgo\"><div class=\"eb-parent-wrapper eb-parent-eb-column-au78vgo \"><div class=\"eb-column-wrapper eb-column-au78vgo\"><div class=\"eb-column-inner\">\n<div class=\"wp-block-essential-blocks-advanced-image  root-eb-advanced-image-fx7nave\"><div class=\"eb-parent-wrapper eb-parent-eb-advanced-image-fx7nave eb_animation eb___animated eb___zoomIn\"><figure class=\"eb-advanced-image-wrapper eb-advanced-image-fx7nave img-style-rounded caption-style-1 caption-horizontal-center caption-vertical-bottom bottom no-effect\" data-id=\"eb-advanced-image-fx7nave\"><div class=\"image-wrapper\"><img decoding=\"async\" src=\"https:\/\/karting360.com\/wp-content\/uploads\/2025\/05\/kart7.png\" alt=\"\"\/><\/div><\/figure><\/div><\/div>\n<\/div><\/div><\/div><\/div>\n<\/div><\/div><\/div><\/div><\/div>\n<\/div><\/div><\/div><\/div><\/div>\n\n\n\n<div class=\"wp-block-essential-blocks-wrapper alignfull  root-eb-wrapper-2g0xn3t\"><div class=\"eb-parent-wrapper eb-parent-eb-wrapper-2g0xn3t \"><div class=\"eb-wrapper-outer eb-wrapper-2g0xn3t\"><div class=\"eb-wrapper-inner\"><div class=\"eb-wrapper-inner-blocks eb-wrapper-align-center\">\n<div class=\"wp-block-essential-blocks-advanced-heading  root-eb-advance-heading-p4p8h9g\"><div class=\"eb-parent-wrapper eb-parent-eb-advance-heading-p4p8h9g eb_animation eb___animated eb___fadeInDown\"><div class=\"eb-advance-heading-wrapper eb-advance-heading-p4p8h9g button-1 undefined\" data-id=\"eb-advance-heading-p4p8h9g\"><h2 class=\"eb-ah-title\"><span class=\"first-title\"><mark style=\"background-color:rgba(0, 0, 0, 0);color:#db1b45\" class=\"has-inline-color\">\u00daltimos<\/mark> campeonatos<\/span><\/h2><div class=\"eb-ah-separator line\"><\/div><\/div><\/div><\/div>\n\n\n\n<div class=\"wp-block-essential-blocks-advanced-heading  root-eb-advance-heading-yzy2esd\"><div class=\"eb-parent-wrapper eb-parent-eb-advance-heading-yzy2esd eb_animation eb___animated eb___fadeInUp\"><div class=\"eb-advance-heading-wrapper eb-advance-heading-yzy2esd button-1 undefined\" data-id=\"eb-advance-heading-yzy2esd\"><h2 class=\"eb-ah-title\"><span class=\"first-title\">La temporada 2025 arranca con fuerza. \u00bfEst\u00e1s listo?<\/span><\/h2><\/div><\/div><\/div>\n\n\n\n<div class=\"wp-block-essential-blocks-wrapper alignfull  root-eb-wrapper-pv0or\"><div class=\"eb-parent-wrapper eb-parent-eb-wrapper-pv0or \"><div class=\"eb-wrapper-outer eb-wrapper-pv0or\"><div class=\"eb-wrapper-inner\"><div class=\"eb-wrapper-inner-blocks eb-wrapper-align-center\">\n\n\n<a href=\"#\"><img decoding=\"async\" src=\"https:\/\/via.placeholder.com\/728x90?text=Anuncio+entre+noticias\" alt=\"Anuncio\"><\/a>\n\n\n<\/div><\/div><\/div><\/div><\/div>\n<\/div><\/div><\/div><\/div><\/div>\n\n\n\n<div class=\"wp-block-essential-blocks-wrapper alignfull  root-eb-wrapper-4dcvows\"><div class=\"eb-parent-wrapper eb-parent-eb-wrapper-4dcvows \"><div class=\"eb-wrapper-outer eb-wrapper-4dcvows\"><div class=\"eb-wrapper-inner\"><div class=\"eb-wrapper-inner-blocks eb-wrapper-align-center\">\n<div class=\"wp-block-essential-blocks-wrapper alignwide  root-eb-wrapper-29zdxrm\"><div class=\"eb-parent-wrapper eb-parent-eb-wrapper-29zdxrm eb_animation eb___animated eb___zoomIn\"><div class=\"eb-wrapper-outer eb-wrapper-29zdxrm\"><div class=\"eb-wrapper-inner\"><div class=\"eb-wrapper-inner-blocks eb-wrapper-align-center\">\n<div class=\"wp-block-essential-blocks-advanced-heading  root-eb-advance-heading-o47woub\" id=\"subscription_section\"><div class=\"eb-parent-wrapper eb-parent-eb-advance-heading-o47woub \"><div class=\"eb-advance-heading-wrapper eb-advance-heading-o47woub button-1 undefined\" data-id=\"eb-advance-heading-o47woub\"><h2 class=\"eb-ah-title\"><span class=\"first-title\"><mark style=\"background-color:rgba(0, 0, 0, 0);color:#db1b45\" class=\"has-inline-color\">Suscr\u00edbete<\/mark> a nuestro bolet\u00edn <\/span><\/h2><div class=\"eb-ah-separator line\"><\/div><\/div><\/div><\/div>\n\n\n\n<div class=\"wp-block-essential-blocks-advanced-heading  root-eb-advance-heading-c5ok3ff\"><div class=\"eb-parent-wrapper eb-parent-eb-advance-heading-c5ok3ff \"><div class=\"eb-advance-heading-wrapper eb-advance-heading-c5ok3ff button-1 undefined\" data-id=\"eb-advance-heading-c5ok3ff\"><h2 class=\"eb-ah-title\"><span class=\"first-title\">Recibe las \u00faltimas noticias de karting directamente en tu correo.<\/span><\/h2><\/div><\/div><\/div>\n\n\n\n\n\n<div class=\"wp-block-essential-blocks-advanced-heading  root-eb-advance-heading-y0k96bd\"><div class=\"eb-parent-wrapper eb-parent-eb-advance-heading-y0k96bd \"><div class=\"eb-advance-heading-wrapper eb-advance-heading-y0k96bd button-1 undefined\" data-id=\"eb-advance-heading-y0k96bd\"><h2 class=\"eb-ah-title\"><span class=\"first-title\">Subscribe<\/span><\/h2><\/div><\/div><\/div>\n<\/div><\/div><\/div><\/div><\/div>\n<\/div><\/div><\/div><\/div><\/div>\n\n\n\n\n\n<p><\/p>\n","protected":false},"excerpt":{"rendered":"","protected":false},"author":1,"featured_media":0,"parent":0,"menu_order":0,"comment_status":"closed","ping_status":"closed","template":"","meta":{"footnotes":""},"class_list":["post-9","page","type-page","status-publish","hentry"],"_links":{"self":[{"href":"https:\/\/karting360.com\/index.php\/wp-json\/wp\/v2\/pages\/9","targetHints":{"allow":["GET"]}}],"collection":[{"href":"https:\/\/karting360.com\/index.php\/wp-json\/wp\/v2\/pages"}],"about":[{"href":"https:\/\/karting360.com\/index.php\/wp-json\/wp\/v2\/types\/page"}],"author":[{"embeddable":true,"href":"https:\/\/karting360.com\/index.php\/wp-json\/wp\/v2\/users\/1"}],"replies":[{"embeddable":true,"href":"https:\/\/karting360.com\/index.php\/wp-json\/wp\/v2\/comments?post=9"}],"version-history":[{"count":54,"href":"https:\/\/karting360.com\/index.php\/wp-json\/wp\/v2\/pages\/9\/revisions"}],"predecessor-version":[{"id":466,"href":"https:\/\/karting360.com\/index.php\/wp-json\/wp\/v2\/pages\/9\/revisions\/466"}],"wp:attachment":[{"href":"https:\/\/karting360.com\/index.php\/wp-json\/wp\/v2\/media?parent=9"}],"curies":[{"name":"wp","href":"https:\/\/api.w.org\/{rel}","templated":true}]}}