{"id":67,"date":"2025-05-20T09:04:15","date_gmt":"2025-05-20T09:04:15","guid":{"rendered":"https:\/\/karting360.com\/?page_id=67"},"modified":"2025-05-22T11:52:49","modified_gmt":"2025-05-22T11:52:49","slug":"consejos","status":"publish","type":"page","link":"https:\/\/karting360.com\/index.php\/consejos\/","title":{"rendered":"Consejos"},"content":{"rendered":"\n\n\n<div class=\"wp-block-essential-blocks-wrapper alignfull  root-eb-wrapper-de9be\"><div class=\"eb-parent-wrapper eb-parent-eb-wrapper-de9be \"><div class=\"eb-wrapper-outer eb-wrapper-de9be\"><div class=\"eb-wrapper-inner\"><div class=\"eb-wrapper-inner-blocks eb-wrapper-align-center\">\n<div class=\"wp-block-essential-blocks-row alignfull  root-eb-row-4km2f\"><div class=\"eb-parent-wrapper eb-parent-eb-row-4km2f \"><div class=\"eb-row-root-container eb-row-4km2f\" data-id=\"eb-row-4km2f\"><div class=\"eb-row-wrapper\"><div class=\"eb-row-inner\">\n<div class=\"wp-block-essential-blocks-column  root-eb-column-69kkm\"><div class=\"eb-parent-wrapper eb-parent-eb-column-69kkm \"><div class=\"eb-column-wrapper eb-column-69kkm\"><div class=\"eb-column-inner\">\n<div class=\"wp-block-essential-blocks-wrapper  root-eb-wrapper-u2wam\"><div class=\"eb-parent-wrapper eb-parent-eb-wrapper-u2wam \"><div class=\"eb-wrapper-outer eb-wrapper-u2wam\"><div class=\"eb-wrapper-inner\"><div class=\"eb-wrapper-inner-blocks eb-wrapper-align-right\">\n<div class=\"wp-block-essential-blocks-advanced-heading  root-eb-advance-heading-xfybs\"><div class=\"eb-parent-wrapper eb-parent-eb-advance-heading-xfybs \"><div class=\"eb-advance-heading-wrapper eb-advance-heading-xfybs button-1 undefined\" data-id=\"eb-advance-heading-xfybs\"><h2 class=\"eb-ah-title\"><span class=\"first-title\">Consejos<br><mark style=\"background-color:rgba(0, 0, 0, 0);color:#db1b45\" class=\"has-inline-color\">para pilotos<\/mark><\/span><\/h2><p class=\"eb-ah-subtitle\">Aprende t\u00e9cnicas, mejora tu pilotaje y saca el m\u00e1ximo rendimiento en cada curva.<br>Porque cada segundo cuenta, descubre c\u00f3mo llevar tu kart al l\u00edmite.<\/p><\/div><\/div><\/div>\n<\/div><\/div><\/div><\/div><\/div>\n<\/div><\/div><\/div><\/div>\n<\/div><\/div><\/div><\/div><\/div>\n<\/div><\/div><\/div><\/div><\/div>\n\n\n\n<div class=\"wp-block-essential-blocks-wrapper alignfull  root-eb-wrapper-ur8zp\"><div class=\"eb-parent-wrapper eb-parent-eb-wrapper-ur8zp \"><div class=\"eb-wrapper-outer eb-wrapper-ur8zp\"><div class=\"eb-wrapper-inner\"><div class=\"eb-wrapper-inner-blocks eb-wrapper-align-center\">\n<div class=\"wp-block-essential-blocks-advanced-heading  root-eb-advance-heading-uskqt\"><div class=\"eb-parent-wrapper eb-parent-eb-advance-heading-uskqt eb_animation eb___animated eb___fadeInDown\"><div class=\"eb-advance-heading-wrapper eb-advance-heading-uskqt button-1 undefined\" data-id=\"eb-advance-heading-uskqt\"><h2 class=\"eb-ah-title\"><span class=\"first-title\"><mark style=\"background-color:rgba(0, 0, 0, 0);color:#db1b45\" class=\"has-inline-color\">tips<\/mark> Karting<\/span><\/h2><div class=\"eb-ah-separator line\"><\/div><\/div><\/div><\/div>\n\n\n\n<div class=\"wp-block-essential-blocks-advanced-heading  root-eb-advance-heading-n8xue\"><div class=\"eb-parent-wrapper eb-parent-eb-advance-heading-n8xue eb_animation eb___animated eb___fadeInUp\"><div class=\"eb-advance-heading-wrapper eb-advance-heading-n8xue button-1 undefined\" data-id=\"eb-advance-heading-n8xue\"><h2 class=\"eb-ah-title\"><span class=\"first-title\">Aprende t\u00e9cnicas, mejora tu pilotaje y saca el m\u00e1ximo rendimiento en cada curva.<\/span><\/h2><\/div><\/div><\/div>\n\n\n\n<div class=\"wp-block-essential-blocks-wrapper alignfull  root-eb-wrapper-3vramv5\"><div class=\"eb-parent-wrapper eb-parent-eb-wrapper-3vramv5 \"><div class=\"eb-wrapper-outer eb-wrapper-3vramv5\"><div class=\"eb-wrapper-inner\"><div class=\"eb-wrapper-inner-blocks eb-wrapper-align-center\">\n\n\n<a href=\"#\"><img decoding=\"async\" src=\"https:\/\/via.placeholder.com\/728x90?text=Anuncio+entre+noticias\" alt=\"Anuncio\"><\/a>\n\n\n<\/div><\/div><\/div><\/div><\/div>\n<\/div><\/div><\/div><\/div><\/div>\n\n\n\n<div class=\"wp-block-essential-blocks-wrapper alignfull  root-eb-wrapper-08a4nxi\"><div class=\"eb-parent-wrapper eb-parent-eb-wrapper-08a4nxi \"><div class=\"eb-wrapper-outer eb-wrapper-08a4nxi\"><div class=\"eb-wrapper-inner\"><div class=\"eb-wrapper-inner-blocks eb-wrapper-align-center\">\n<div class=\"wp-block-essential-blocks-row alignfull  root-eb-row-gdib7sr\"><div class=\"eb-parent-wrapper eb-parent-eb-row-gdib7sr \"><div class=\"eb-row-root-container eb-row-gdib7sr\" data-id=\"eb-row-gdib7sr\"><div class=\"eb-row-wrapper\"><div class=\"eb-row-inner\">\n<div class=\"wp-block-essential-blocks-column  root-eb-column-qqnv7g1\"><div class=\"eb-parent-wrapper eb-parent-eb-column-qqnv7g1 \"><div class=\"eb-column-wrapper eb-column-qqnv7g1\"><div class=\"eb-column-inner\">\n<div class=\"wp-block-essential-blocks-wrapper  root-eb-wrapper-hm1t4gz\"><div class=\"eb-parent-wrapper eb-parent-eb-wrapper-hm1t4gz \"><div class=\"eb-wrapper-outer eb-wrapper-hm1t4gz eb-wrapper-align-right\"><div class=\"eb-wrapper-inner\"><div class=\"eb-wrapper-inner-blocks\">\n<div class=\"wp-block-essential-blocks-advanced-heading  root-eb-advance-heading-wnusbx8\"><div class=\"eb-parent-wrapper eb-parent-eb-advance-heading-wnusbx8 eb_animation eb___animated eb___fadeInLeft\"><div class=\"eb-advance-heading-wrapper eb-advance-heading-wnusbx8 button-1 undefined\" data-id=\"eb-advance-heading-wnusbx8\"><h2 class=\"eb-ah-title\"><span class=\"first-title\"><mark style=\"background-color:rgba(0, 0, 0, 0);color:#db1b45\" class=\"has-inline-color\">\u00daltimas<\/mark> noticias y campeonatos  <\/span><\/h2><div class=\"eb-ah-separator line\"><\/div><\/div><\/div><\/div>\n\n\n\n<div class=\"wp-block-essential-blocks-advanced-heading  root-eb-advance-heading-hvp5qu6\"><div class=\"eb-parent-wrapper eb-parent-eb-advance-heading-hvp5qu6 eb_animation eb___animated eb___fadeInLeft\"><div class=\"eb-advance-heading-wrapper eb-advance-heading-hvp5qu6 button-1 undefined\" data-id=\"eb-advance-heading-hvp5qu6\"><h2 class=\"eb-ah-title\"><span class=\"first-title\"><strong>\u00bfQuieres estar al d\u00eda con todo lo que pasa en el mundo del karting?<\/strong> Aqu\u00ed encontrar\u00e1s las noticias m\u00e1s recientes, con cobertura actualizada de cada carrera. <br><br>Desde los campeonatos m\u00e1s importantes hasta eventos locales, lo reunimos todo en un solo lugar. Conoce a los pilotos que est\u00e1n marcando tendencia y sigue cada resultado vuelta a vuelta. La emoci\u00f3n de la pista tambi\u00e9n se vive fuera de ella. <strong>Haz clic y no te pierdas nada.<\/strong><\/span><\/h2><\/div><\/div><\/div>\n\n\n\n<div class=\"wp-block-essential-blocks-button  root-eb-button-14knosc\"><div class=\"eb-parent-wrapper eb-parent-eb-button-14knosc eb_animation eb___animated eb___fadeInUp\"><div class=\"eb-button-wrapper eb-button-alignment eb-button-14knosc\"><div class=\"eb-button\"><div class=\"eb-button-inner-wrapper \"><a class=\"eb-button-anchor \" href=\"https:\/\/karting360.com\/#top-noticias\" rel=\"noopener\">Ir a noticias y campeonatos<\/a><\/div><\/div><\/div><\/div><\/div>\n\n\n\n<div class=\"wp-block-essential-blocks-advanced-heading  root-eb-advance-heading-p7cca01\"><div class=\"eb-parent-wrapper eb-parent-eb-advance-heading-p7cca01 \"><div class=\"eb-advance-heading-wrapper eb-advance-heading-p7cca01 button-1 undefined\" data-id=\"eb-advance-heading-p7cca01\"><h2 class=\"eb-ah-title\"><span class=\"first-title\">2k25<\/span><\/h2><\/div><\/div><\/div>\n<\/div><\/div><\/div><\/div><\/div>\n<\/div><\/div><\/div><\/div>\n\n\n\n<div class=\"wp-block-essential-blocks-column  root-eb-column-au78vgo\"><div class=\"eb-parent-wrapper eb-parent-eb-column-au78vgo \"><div class=\"eb-column-wrapper eb-column-au78vgo\"><div class=\"eb-column-inner\">\n<div class=\"wp-block-essential-blocks-advanced-image  root-eb-advanced-image-fx7nave\"><div class=\"eb-parent-wrapper eb-parent-eb-advanced-image-fx7nave eb_animation eb___animated eb___zoomIn\"><figure class=\"eb-advanced-image-wrapper eb-advanced-image-fx7nave img-style-rounded caption-style-1 caption-horizontal-center caption-vertical-bottom bottom no-effect\" data-id=\"eb-advanced-image-fx7nave\"><div class=\"image-wrapper\"><img decoding=\"async\" src=\"https:\/\/karting360.com\/wp-content\/uploads\/2025\/05\/kart6.png\" alt=\"\"\/><\/div><\/figure><\/div><\/div>\n<\/div><\/div><\/div><\/div>\n<\/div><\/div><\/div><\/div><\/div>\n<\/div><\/div><\/div><\/div><\/div>\n\n\n\n<div class=\"wp-block-essential-blocks-wrapper alignfull  root-eb-wrapper-yb4ti\"><div class=\"eb-parent-wrapper eb-parent-eb-wrapper-yb4ti \"><div class=\"eb-wrapper-outer eb-wrapper-yb4ti\"><div class=\"eb-wrapper-inner\"><div class=\"eb-wrapper-inner-blocks eb-wrapper-align-center\">\n<div class=\"wp-block-essential-blocks-wrapper alignfull  root-eb-wrapper-xsjzo\"><div class=\"eb-parent-wrapper eb-parent-eb-wrapper-xsjzo eb_animation eb___animated eb___zoomIn\"><div class=\"eb-wrapper-outer eb-wrapper-xsjzo\"><div class=\"eb-wrapper-inner\"><div class=\"eb-wrapper-inner-blocks eb-wrapper-align-center\">\n<div class=\"wp-block-essential-blocks-advanced-heading  root-eb-advance-heading-otmfu\" id=\"subscription_section\"><div class=\"eb-parent-wrapper eb-parent-eb-advance-heading-otmfu \"><div class=\"eb-advance-heading-wrapper eb-advance-heading-otmfu button-1 undefined\" data-id=\"eb-advance-heading-otmfu\"><h2 class=\"eb-ah-title\"><span class=\"first-title\"><mark style=\"background-color:rgba(0, 0, 0, 0);color:#db1b45\" class=\"has-inline-color\">Suscr\u00edbete<\/mark> a nuestro bolet\u00edn<\/span><\/h2><div class=\"eb-ah-separator line\"><\/div><\/div><\/div><\/div>\n\n\n\n<div class=\"wp-block-essential-blocks-advanced-heading  root-eb-advance-heading-j3byh\"><div class=\"eb-parent-wrapper eb-parent-eb-advance-heading-j3byh \"><div class=\"eb-advance-heading-wrapper eb-advance-heading-j3byh button-1 undefined\" data-id=\"eb-advance-heading-j3byh\"><h2 class=\"eb-ah-title\"><span class=\"first-title\">Recibe las \u00faltimas noticias de karting directamente en tu correo.<\/span><\/h2><\/div><\/div><\/div>\n<\/div><\/div><\/div><\/div><\/div>\n<\/div><\/div><\/div><\/div><\/div>\n","protected":false},"excerpt":{"rendered":"","protected":false},"author":1,"featured_media":0,"parent":0,"menu_order":0,"comment_status":"closed","ping_status":"closed","template":"","meta":{"footnotes":""},"class_list":["post-67","page","type-page","status-publish","hentry"],"_links":{"self":[{"href":"https:\/\/karting360.com\/index.php\/wp-json\/wp\/v2\/pages\/67","targetHints":{"allow":["GET"]}}],"collection":[{"href":"https:\/\/karting360.com\/index.php\/wp-json\/wp\/v2\/pages"}],"about":[{"href":"https:\/\/karting360.com\/index.php\/wp-json\/wp\/v2\/types\/page"}],"author":[{"embeddable":true,"href":"https:\/\/karting360.com\/index.php\/wp-json\/wp\/v2\/users\/1"}],"replies":[{"embeddable":true,"href":"https:\/\/karting360.com\/index.php\/wp-json\/wp\/v2\/comments?post=67"}],"version-history":[{"count":22,"href":"https:\/\/karting360.com\/index.php\/wp-json\/wp\/v2\/pages\/67\/revisions"}],"predecessor-version":[{"id":342,"href":"https:\/\/karting360.com\/index.php\/wp-json\/wp\/v2\/pages\/67\/revisions\/342"}],"wp:attachment":[{"href":"https:\/\/karting360.com\/index.php\/wp-json\/wp\/v2\/media?parent=67"}],"curies":[{"name":"wp","href":"https:\/\/api.w.org\/{rel}","templated":true}]}}