{"id":60,"date":"2025-05-20T09:04:07","date_gmt":"2025-05-20T09:04:07","guid":{"rendered":"https:\/\/karting360.com\/?page_id=60"},"modified":"2025-05-22T11:48:45","modified_gmt":"2025-05-22T11:48:45","slug":"noticias","status":"publish","type":"page","link":"https:\/\/karting360.com\/index.php\/noticias\/","title":{"rendered":"Noticias"},"content":{"rendered":"\n<div class=\"wp-block-essential-blocks-wrapper alignfull  root-eb-wrapper-de9be\"><div class=\"eb-parent-wrapper eb-parent-eb-wrapper-de9be \"><div class=\"eb-wrapper-outer eb-wrapper-de9be\"><div class=\"eb-wrapper-inner\"><div class=\"eb-wrapper-inner-blocks eb-wrapper-align-center\">\n<div class=\"wp-block-essential-blocks-row alignfull  root-eb-row-4km2f\"><div class=\"eb-parent-wrapper eb-parent-eb-row-4km2f \"><div class=\"eb-row-root-container eb-row-4km2f\" data-id=\"eb-row-4km2f\"><div class=\"eb-row-wrapper\"><div class=\"eb-row-inner\">\n<div class=\"wp-block-essential-blocks-column  root-eb-column-69kkm\"><div class=\"eb-parent-wrapper eb-parent-eb-column-69kkm \"><div class=\"eb-column-wrapper eb-column-69kkm\"><div class=\"eb-column-inner\">\n<div class=\"wp-block-essential-blocks-wrapper  root-eb-wrapper-u2wam\"><div class=\"eb-parent-wrapper eb-parent-eb-wrapper-u2wam \"><div class=\"eb-wrapper-outer eb-wrapper-u2wam\"><div class=\"eb-wrapper-inner\"><div class=\"eb-wrapper-inner-blocks eb-wrapper-align-right\">\n<div class=\"wp-block-essential-blocks-advanced-heading  root-eb-advance-heading-xfybs\"><div class=\"eb-parent-wrapper eb-parent-eb-advance-heading-xfybs \"><div class=\"eb-advance-heading-wrapper eb-advance-heading-xfybs button-1 undefined\" data-id=\"eb-advance-heading-xfybs\"><h2 class=\"eb-ah-title\"><span class=\"first-title\">Noticias<br><mark style=\"background-color:rgba(0, 0, 0, 0);color:#db1b45\" class=\"has-inline-color\">hot<\/mark>\u2018<mark style=\"background-color:rgba(0, 0, 0, 0);color:#db1b45\" class=\"has-inline-color\">2025<\/mark><\/span><\/h2><p class=\"eb-ah-subtitle\">Todo lo que pasa dentro y fuera de la pista, en un solo lugar.<br>Noticias actualizadas.<\/p><\/div><\/div><\/div>\n<\/div><\/div><\/div><\/div><\/div>\n<\/div><\/div><\/div><\/div>\n<\/div><\/div><\/div><\/div><\/div>\n<\/div><\/div><\/div><\/div><\/div>\n\n\n\n<div class=\"wp-block-essential-blocks-wrapper alignfull  root-eb-wrapper-jjrq1\"><div class=\"eb-parent-wrapper eb-parent-eb-wrapper-jjrq1 \"><div class=\"eb-wrapper-outer eb-wrapper-jjrq1\"><div class=\"eb-wrapper-inner\"><div class=\"eb-wrapper-inner-blocks eb-wrapper-align-center\">\n<div class=\"wp-block-essential-blocks-row alignfull  root-eb-row-1s9t1\"><div class=\"eb-parent-wrapper eb-parent-eb-row-1s9t1 \"><div class=\"eb-row-root-container eb-row-1s9t1\" data-id=\"eb-row-1s9t1\"><div class=\"eb-row-wrapper\"><div class=\"eb-row-inner\">\n<div class=\"wp-block-essential-blocks-column  root-eb-column-cbq61\"><div class=\"eb-parent-wrapper eb-parent-eb-column-cbq61 \"><div class=\"eb-column-wrapper eb-column-cbq61\"><div class=\"eb-column-inner\">\n<div class=\"wp-block-essential-blocks-advanced-heading  root-eb-advance-heading-u5ig6\"><div class=\"eb-parent-wrapper eb-parent-eb-advance-heading-u5ig6 eb_animation eb___animated eb___fadeInLeft\"><div class=\"eb-advance-heading-wrapper eb-advance-heading-u5ig6 button-1 undefined\" data-id=\"eb-advance-heading-u5ig6\"><h2 class=\"eb-ah-title\"><span class=\"first-title\"><mark style=\"background-color:rgba(0, 0, 0, 0);color:#db1b45\" class=\"has-inline-color\">Noticias<\/mark> \u00faltima hora<\/span><\/h2><\/div><\/div><\/div>\n<\/div><\/div><\/div><\/div>\n\n\n\n<div class=\"wp-block-essential-blocks-column  root-eb-column-4lage\"><div class=\"eb-parent-wrapper eb-parent-eb-column-4lage \"><div class=\"eb-column-wrapper eb-column-4lage\"><div class=\"eb-column-inner\">\n<div class=\"wp-block-essential-blocks-wrapper  root-eb-wrapper-a2blp\"><div class=\"eb-parent-wrapper eb-parent-eb-wrapper-a2blp \"><div class=\"eb-wrapper-outer eb-wrapper-a2blp\"><div class=\"eb-wrapper-inner\"><div class=\"eb-wrapper-inner-blocks \">\n<div class=\"wp-block-essential-blocks-advanced-heading  root-eb-advance-heading-dih92\"><div class=\"eb-parent-wrapper eb-parent-eb-advance-heading-dih92 eb_animation eb___animated eb___fadeInRight\"><div class=\"eb-advance-heading-wrapper eb-advance-heading-dih92 button-1 undefined\" data-id=\"eb-advance-heading-dih92\"><h2 class=\"eb-ah-title\"><span class=\"first-title\">Adelantamientos fuera de pista: lo \u00faltimo en karting.<\/span><\/h2><\/div><\/div><\/div>\n<\/div><\/div><\/div><\/div><\/div>\n<\/div><\/div><\/div><\/div>\n<\/div><\/div><\/div><\/div><\/div>\n\n\n\n<div class=\"wp-block-essential-blocks-wrapper alignfull  root-eb-wrapper-3vramv5\"><div class=\"eb-parent-wrapper eb-parent-eb-wrapper-3vramv5 \"><div class=\"eb-wrapper-outer eb-wrapper-3vramv5\"><div class=\"eb-wrapper-inner\"><div class=\"eb-wrapper-inner-blocks eb-wrapper-align-center\">\n<div class=\"wp-block-essential-blocks-row alignfull  root-eb-row-7198rnw\"><div class=\"eb-parent-wrapper eb-parent-eb-row-7198rnw \"><div class=\"eb-row-root-container eb-row-7198rnw\" data-id=\"eb-row-7198rnw\"><div class=\"eb-row-wrapper\"><div class=\"eb-row-inner\"><\/div><\/div><\/div><\/div><\/div>\n\n\n\n\n\n<a href=\"#\"><img decoding=\"async\" src=\"https:\/\/via.placeholder.com\/728x90?text=Anuncio+entre+noticias\" alt=\"Anuncio\"><\/a>\n\n\n<\/div><\/div><\/div><\/div><\/div>\n<\/div><\/div><\/div><\/div><\/div>\n\n\n\n<div class=\"wp-block-essential-blocks-wrapper alignfull  root-eb-wrapper-08a4nxi\"><div class=\"eb-parent-wrapper eb-parent-eb-wrapper-08a4nxi \"><div class=\"eb-wrapper-outer eb-wrapper-08a4nxi\"><div class=\"eb-wrapper-inner\"><div class=\"eb-wrapper-inner-blocks eb-wrapper-align-center\">\n<div class=\"wp-block-essential-blocks-row alignfull  root-eb-row-gdib7sr\"><div class=\"eb-parent-wrapper eb-parent-eb-row-gdib7sr \"><div class=\"eb-row-root-container eb-row-gdib7sr\" data-id=\"eb-row-gdib7sr\"><div class=\"eb-row-wrapper\"><div class=\"eb-row-inner\">\n<div class=\"wp-block-essential-blocks-column  root-eb-column-qqnv7g1\"><div class=\"eb-parent-wrapper eb-parent-eb-column-qqnv7g1 \"><div class=\"eb-column-wrapper eb-column-qqnv7g1\"><div class=\"eb-column-inner\">\n<div class=\"wp-block-essential-blocks-wrapper  root-eb-wrapper-hm1t4gz\"><div class=\"eb-parent-wrapper eb-parent-eb-wrapper-hm1t4gz \"><div class=\"eb-wrapper-outer eb-wrapper-hm1t4gz eb-wrapper-align-right\"><div class=\"eb-wrapper-inner\"><div class=\"eb-wrapper-inner-blocks\">\n<div class=\"wp-block-essential-blocks-advanced-heading  root-eb-advance-heading-wnusbx8\"><div class=\"eb-parent-wrapper eb-parent-eb-advance-heading-wnusbx8 eb_animation eb___animated eb___fadeInLeft\"><div class=\"eb-advance-heading-wrapper eb-advance-heading-wnusbx8 button-1 undefined\" data-id=\"eb-advance-heading-wnusbx8\"><h2 class=\"eb-ah-title\"><span class=\"first-title\"><mark style=\"background-color:rgba(0, 0, 0, 0);color:#db1b45\" class=\"has-inline-color\">Campeonatos<\/mark> <br>Trend 2025 <\/span><\/h2><div class=\"eb-ah-separator line\"><\/div><\/div><\/div><\/div>\n\n\n\n<div class=\"wp-block-essential-blocks-advanced-heading  root-eb-advance-heading-hvp5qu6\"><div class=\"eb-parent-wrapper eb-parent-eb-advance-heading-hvp5qu6 eb_animation eb___animated eb___fadeInLeft\"><div class=\"eb-advance-heading-wrapper eb-advance-heading-hvp5qu6 button-1 undefined\" data-id=\"eb-advance-heading-hvp5qu6\"><h2 class=\"eb-ah-title\"><span class=\"first-title\">El mundo del karting no se detiene, y los campeonatos son el coraz\u00f3n de cada temporada. Desde competiciones locales hasta torneos nacionales, cada carrera es una nueva historia. Aqu\u00ed podr\u00e1s seguir de cerca las fechas clave, resultados, clasificaciones y protagonistas de cada evento.<br><br>Te mostramos qui\u00e9nes lideran, qui\u00e9nes sorprenden y c\u00f3mo evoluciona cada campeonato. Si eres piloto, aficionado o simplemente amante del motor, esta secci\u00f3n es para ti. Haz clic abajo y sum\u00e9rgete en la emoci\u00f3n de la competencia.<\/span><\/h2><\/div><\/div><\/div>\n\n\n\n<div class=\"wp-block-essential-blocks-button  root-eb-button-14knosc\"><div class=\"eb-parent-wrapper eb-parent-eb-button-14knosc eb_animation eb___animated eb___fadeInUp\"><div class=\"eb-button-wrapper eb-button-alignment eb-button-14knosc\"><div class=\"eb-button\"><div class=\"eb-button-inner-wrapper \"><a class=\"eb-button-anchor \" href=\"https:\/\/karting360.com\/campeonatos\/\" rel=\"noopener\">\u00a1Quiero verlo!<\/a><\/div><\/div><\/div><\/div><\/div>\n\n\n\n<div class=\"wp-block-essential-blocks-advanced-heading  root-eb-advance-heading-p7cca01\"><div class=\"eb-parent-wrapper eb-parent-eb-advance-heading-p7cca01 \"><div class=\"eb-advance-heading-wrapper eb-advance-heading-p7cca01 button-1 undefined\" data-id=\"eb-advance-heading-p7cca01\"><h2 class=\"eb-ah-title\"><span class=\"first-title\">2k25<\/span><\/h2><\/div><\/div><\/div>\n<\/div><\/div><\/div><\/div><\/div>\n<\/div><\/div><\/div><\/div>\n\n\n\n<div class=\"wp-block-essential-blocks-column  root-eb-column-au78vgo\"><div class=\"eb-parent-wrapper eb-parent-eb-column-au78vgo \"><div class=\"eb-column-wrapper eb-column-au78vgo\"><div class=\"eb-column-inner\">\n<div class=\"wp-block-essential-blocks-advanced-image  root-eb-advanced-image-fx7nave\"><div class=\"eb-parent-wrapper eb-parent-eb-advanced-image-fx7nave eb_animation eb___animated eb___zoomIn\"><figure class=\"eb-advanced-image-wrapper eb-advanced-image-fx7nave img-style-rounded caption-style-1 caption-horizontal-center caption-vertical-bottom bottom no-effect\" data-id=\"eb-advanced-image-fx7nave\"><div class=\"image-wrapper\"><img decoding=\"async\" src=\"https:\/\/karting360.com\/wp-content\/uploads\/2025\/05\/kart1.png\" alt=\"\"\/><\/div><\/figure><\/div><\/div>\n<\/div><\/div><\/div><\/div>\n<\/div><\/div><\/div><\/div><\/div>\n<\/div><\/div><\/div><\/div><\/div>\n\n\n\n<div class=\"wp-block-essential-blocks-wrapper alignfull  root-eb-wrapper-rio7a\"><div class=\"eb-parent-wrapper eb-parent-eb-wrapper-rio7a \"><div class=\"eb-wrapper-outer eb-wrapper-rio7a\"><div class=\"eb-wrapper-inner\"><div class=\"eb-wrapper-inner-blocks eb-wrapper-align-center\">\n<div class=\"wp-block-essential-blocks-advanced-heading  root-eb-advance-heading-jtf1j\"><div class=\"eb-parent-wrapper eb-parent-eb-advance-heading-jtf1j eb_animation eb___animated eb___fadeInDown\"><div class=\"eb-advance-heading-wrapper eb-advance-heading-jtf1j button-1 undefined\" data-id=\"eb-advance-heading-jtf1j\"><h2 class=\"eb-ah-title\"><span class=\"first-title\"><mark style=\"background-color:rgba(0, 0, 0, 0);color:#db1b45\" class=\"has-inline-color\">Hot<\/mark> noticias<\/span><\/h2><div class=\"eb-ah-separator line\"><\/div><\/div><\/div><\/div>\n\n\n\n<div class=\"wp-block-essential-blocks-advanced-heading  root-eb-advance-heading-kdweo\"><div class=\"eb-parent-wrapper eb-parent-eb-advance-heading-kdweo eb_animation eb___animated eb___fadeInUp\"><div class=\"eb-advance-heading-wrapper eb-advance-heading-kdweo button-1 undefined\" data-id=\"eb-advance-heading-kdweo\"><h2 class=\"eb-ah-title\"><span class=\"first-title\">Lo que todos comentan en el pit lane.<\/span><\/h2><\/div><\/div><\/div>\n\n\n\n<div class=\"wp-block-essential-blocks-wrapper alignfull  root-eb-wrapper-t2k8b\"><div class=\"eb-parent-wrapper eb-parent-eb-wrapper-t2k8b \"><div class=\"eb-wrapper-outer eb-wrapper-t2k8b\"><div class=\"eb-wrapper-inner\"><div class=\"eb-wrapper-inner-blocks eb-wrapper-align-center\">\n\n\n<a href=\"#\"><img decoding=\"async\" src=\"https:\/\/via.placeholder.com\/728x90?text=Anuncio+entre+noticias\" alt=\"Anuncio\"><\/a>\n\n\n<\/div><\/div><\/div><\/div><\/div>\n<\/div><\/div><\/div><\/div><\/div>\n\n\n\n<div class=\"wp-block-essential-blocks-wrapper alignfull  root-eb-wrapper-1r33y\"><div class=\"eb-parent-wrapper eb-parent-eb-wrapper-1r33y \"><div class=\"eb-wrapper-outer eb-wrapper-1r33y\"><div class=\"eb-wrapper-inner\"><div class=\"eb-wrapper-inner-blocks eb-wrapper-align-center\">\n<div class=\"wp-block-essential-blocks-wrapper alignfull  root-eb-wrapper-vld5m\"><div class=\"eb-parent-wrapper eb-parent-eb-wrapper-vld5m eb_animation eb___animated eb___zoomIn\"><div class=\"eb-wrapper-outer eb-wrapper-vld5m\"><div class=\"eb-wrapper-inner\"><div class=\"eb-wrapper-inner-blocks eb-wrapper-align-center\">\n<div class=\"wp-block-essential-blocks-advanced-heading  root-eb-advance-heading-bpoa0\" id=\"subscription_section\"><div class=\"eb-parent-wrapper eb-parent-eb-advance-heading-bpoa0 \"><div class=\"eb-advance-heading-wrapper eb-advance-heading-bpoa0 button-1 undefined\" data-id=\"eb-advance-heading-bpoa0\"><h2 class=\"eb-ah-title\"><span class=\"first-title\"><mark style=\"background-color:rgba(0, 0, 0, 0);color:#db1b45\" class=\"has-inline-color\">Suscr\u00edbete<\/mark> a nuestro bolet\u00edn<\/span><\/h2><div class=\"eb-ah-separator line\"><\/div><\/div><\/div><\/div>\n\n\n\n<div class=\"wp-block-essential-blocks-advanced-heading  root-eb-advance-heading-vhzyg\"><div class=\"eb-parent-wrapper eb-parent-eb-advance-heading-vhzyg \"><div class=\"eb-advance-heading-wrapper eb-advance-heading-vhzyg button-1 undefined\" data-id=\"eb-advance-heading-vhzyg\"><h2 class=\"eb-ah-title\"><span class=\"first-title\">Recibe las \u00faltimas noticias de karting directamente en tu correo.<\/span><\/h2><\/div><\/div><\/div>\n\n\n<\/div><\/div><\/div><\/div><\/div>\n<\/div><\/div><\/div><\/div><\/div>\n","protected":false},"excerpt":{"rendered":"","protected":false},"author":1,"featured_media":0,"parent":0,"menu_order":0,"comment_status":"closed","ping_status":"closed","template":"","meta":{"footnotes":""},"class_list":["post-60","page","type-page","status-publish","hentry"],"_links":{"self":[{"href":"https:\/\/karting360.com\/index.php\/wp-json\/wp\/v2\/pages\/60","targetHints":{"allow":["GET"]}}],"collection":[{"href":"https:\/\/karting360.com\/index.php\/wp-json\/wp\/v2\/pages"}],"about":[{"href":"https:\/\/karting360.com\/index.php\/wp-json\/wp\/v2\/types\/page"}],"author":[{"embeddable":true,"href":"https:\/\/karting360.com\/index.php\/wp-json\/wp\/v2\/users\/1"}],"replies":[{"embeddable":true,"href":"https:\/\/karting360.com\/index.php\/wp-json\/wp\/v2\/comments?post=60"}],"version-history":[{"count":22,"href":"https:\/\/karting360.com\/index.php\/wp-json\/wp\/v2\/pages\/60\/revisions"}],"predecessor-version":[{"id":338,"href":"https:\/\/karting360.com\/index.php\/wp-json\/wp\/v2\/pages\/60\/revisions\/338"}],"wp:attachment":[{"href":"https:\/\/karting360.com\/index.php\/wp-json\/wp\/v2\/media?parent=60"}],"curies":[{"name":"wp","href":"https:\/\/api.w.org\/{rel}","templated":true}]}}